{"id":6117,"date":"2026-04-26T12:23:56","date_gmt":"2026-04-26T10:23:56","guid":{"rendered":"https:\/\/www.excellenceditorial.com\/producto\/fantasma-vermell\/"},"modified":"2026-04-26T12:29:25","modified_gmt":"2026-04-26T10:29:25","slug":"fantasma-vermell","status":"publish","type":"product","link":"https:\/\/www.excellenceditorial.com\/ca\/producto\/fantasma-vermell\/","title":{"rendered":"Fantasma Vermell"},"content":{"rendered":"<section class=\"l-section wpb_row height_medium\"><div class=\"l-section-h i-cf\"><div class=\"g-cols vc_row via_grid cols_1 laptops-cols_inherit tablets-cols_inherit mobiles-cols_1 valign_top type_default stacking_default\"><div class=\"wpb_column vc_column_container\"><div class=\"vc_column-inner\"><div class=\"wpb_text_column\"><div class=\"wpb_wrapper\"><p>Qu\u00e8 \u00e9s la por? Un obstacle&#8230;o la porta per descobrir la nostra valentia?<br \/>\nSota els nostres peus existeix un m\u00f3n secret: el dels fantasmes de colors. Cada fantasma reflecteix la seva personalitat en el seu color&#8230; i tots creuen que els vermells s\u00f3n ELS M\u00c9S VALENTS.<br \/>\nPer\u00f2 en vermell t\u00e9 un problema: una vegada va sentir por i ara els altres diuen que no mereix ser del seu color. Per demostrar el contrari, decideix emprendre un viatge que li ensenyar\u00e0 una veritat inesperada: LA VALENT\u00cdA NO \u00c9S  NO TENIR POR, sin\u00f3 avan\u00e7ar malgrat ella.<\/p>\n<\/div><\/div><\/div><\/div><\/div><\/div><\/section>\n","protected":false},"excerpt":{"rendered":"<p><i class=\"fal fa-user-edit\"><\/i> <strong>Escriptora:<\/strong> Raquel Gavil\u00e1n<br \/>\n<i class=\"fal fa-pencil-paintbrush\"><\/i> <strong>Il\u00b7lustradora:<\/strong> Taty Miau<br \/>\n<i class=\"fal fa-book\"><\/i> <strong>Enquadernaci\u00f3:<\/strong> Tapa dura<br \/>\n<i class=\"fal fa-book-open\"><\/i> <strong>N\u00famero de p\u00e0gines:<\/strong> 32<br \/>\n<i class=\"fal fa-ruler-combined\"><\/i> <strong>Mides:<\/strong> 25x25cm<br \/>\n<i class=\"fal fa-calendar-star\"><\/i> <strong>Publicaci\u00f3:<\/strong> abril 2026<\/p>\n","protected":false},"featured_media":6120,"template":"","meta":[],"product_brand":[],"product_cat":[139,119],"product_tag":[],"class_list":{"0":"post-6117","1":"product","2":"type-product","3":"status-publish","4":"has-post-thumbnail","6":"product_cat-fantasmes-de-colors","7":"product_cat-tots-els-contes","8":"pa_idioma-castella","9":"pa_idioma-catala","11":"first","12":"outofstock","13":"featured","14":"taxable","15":"shipping-taxable","16":"purchasable","17":"product-type-variable"},"yoast_head":"<!-- This site is optimized with the Yoast SEO plugin v27.4 - https:\/\/yoast.com\/product\/yoast-seo-wordpress\/ -->\n<title>Fantasma Vermell - Excellence Editorial<\/title>\n<meta name=\"robots\" content=\"index, follow, max-snippet:-1, max-image-preview:large, max-video-preview:-1\" \/>\n<link rel=\"canonical\" href=\"https:\/\/www.excellenceditorial.com\/ca\/producto\/fantasma-vermell\/\" \/>\n<meta property=\"og:locale\" content=\"ca_ES\" \/>\n<meta property=\"og:type\" content=\"article\" \/>\n<meta property=\"og:title\" content=\"Fantasma Vermell - Excellence Editorial\" \/>\n<meta property=\"og:description\" content=\"Escriptora: Raquel Gavil\u00e1n  Il\u00b7lustradora: Taty Miau  Enquadernaci\u00f3: Tapa dura  N\u00famero de p\u00e0gines: 32  Mides: 25x25cm  Publicaci\u00f3: abril 2026\" \/>\n<meta property=\"og:url\" content=\"https:\/\/www.excellenceditorial.com\/ca\/producto\/fantasma-vermell\/\" \/>\n<meta property=\"og:site_name\" content=\"Excellence Editorial\" \/>\n<meta property=\"article:publisher\" content=\"https:\/\/www.facebook.com\/excellenceditorial\/\" \/>\n<meta property=\"article:modified_time\" content=\"2026-04-26T10:29:25+00:00\" \/>\n<meta property=\"og:image\" content=\"https:\/\/www.excellenceditorial.com\/wp-content\/uploads\/2026\/04\/979-13-991741-1-3.jpg\" \/>\n\t<meta property=\"og:image:width\" content=\"1080\" \/>\n\t<meta property=\"og:image:height\" content=\"1108\" \/>\n\t<meta property=\"og:image:type\" content=\"image\/jpeg\" \/>\n<meta name=\"twitter:card\" content=\"summary_large_image\" \/>\n<meta name=\"twitter:label1\" content=\"Temps estimat de lectura\" \/>\n\t<meta name=\"twitter:data1\" content=\"1 minut\" \/>\n<script type=\"application\/ld+json\" class=\"yoast-schema-graph\">{\"@context\":\"https:\\\/\\\/schema.org\",\"@graph\":[{\"@type\":\"WebPage\",\"@id\":\"https:\\\/\\\/www.excellenceditorial.com\\\/ca\\\/producto\\\/fantasma-vermell\\\/\",\"url\":\"https:\\\/\\\/www.excellenceditorial.com\\\/ca\\\/producto\\\/fantasma-vermell\\\/\",\"name\":\"Fantasma Vermell - Excellence Editorial\",\"isPartOf\":{\"@id\":\"https:\\\/\\\/www.excellenceditorial.com\\\/#website\"},\"primaryImageOfPage\":{\"@id\":\"https:\\\/\\\/www.excellenceditorial.com\\\/ca\\\/producto\\\/fantasma-vermell\\\/#primaryimage\"},\"image\":{\"@id\":\"https:\\\/\\\/www.excellenceditorial.com\\\/ca\\\/producto\\\/fantasma-vermell\\\/#primaryimage\"},\"thumbnailUrl\":\"https:\\\/\\\/www.excellenceditorial.com\\\/wp-content\\\/uploads\\\/2026\\\/04\\\/979-13-991741-1-3.jpg\",\"datePublished\":\"2026-04-26T10:23:56+00:00\",\"dateModified\":\"2026-04-26T10:29:25+00:00\",\"breadcrumb\":{\"@id\":\"https:\\\/\\\/www.excellenceditorial.com\\\/ca\\\/producto\\\/fantasma-vermell\\\/#breadcrumb\"},\"inLanguage\":\"ca\",\"potentialAction\":[{\"@type\":\"ReadAction\",\"target\":[\"https:\\\/\\\/www.excellenceditorial.com\\\/ca\\\/producto\\\/fantasma-vermell\\\/\"]}]},{\"@type\":\"ImageObject\",\"inLanguage\":\"ca\",\"@id\":\"https:\\\/\\\/www.excellenceditorial.com\\\/ca\\\/producto\\\/fantasma-vermell\\\/#primaryimage\",\"url\":\"https:\\\/\\\/www.excellenceditorial.com\\\/wp-content\\\/uploads\\\/2026\\\/04\\\/979-13-991741-1-3.jpg\",\"contentUrl\":\"https:\\\/\\\/www.excellenceditorial.com\\\/wp-content\\\/uploads\\\/2026\\\/04\\\/979-13-991741-1-3.jpg\",\"width\":1080,\"height\":1108},{\"@type\":\"BreadcrumbList\",\"@id\":\"https:\\\/\\\/www.excellenceditorial.com\\\/ca\\\/producto\\\/fantasma-vermell\\\/#breadcrumb\",\"itemListElement\":[{\"@type\":\"ListItem\",\"position\":1,\"name\":\"Portada\",\"item\":\"https:\\\/\\\/www.excellenceditorial.com\\\/ca\\\/\"},{\"@type\":\"ListItem\",\"position\":2,\"name\":\"Botiga\",\"item\":\"https:\\\/\\\/www.excellenceditorial.com\\\/tienda\\\/\"},{\"@type\":\"ListItem\",\"position\":3,\"name\":\"Fantasma Vermell\"}]},{\"@type\":\"WebSite\",\"@id\":\"https:\\\/\\\/www.excellenceditorial.com\\\/#website\",\"url\":\"https:\\\/\\\/www.excellenceditorial.com\\\/\",\"name\":\"Excellence Editorial\",\"description\":\"\u00c1lbumes ilustrados para peque\u00f1os y mayores\",\"publisher\":{\"@id\":\"https:\\\/\\\/www.excellenceditorial.com\\\/#organization\"},\"potentialAction\":[{\"@type\":\"SearchAction\",\"target\":{\"@type\":\"EntryPoint\",\"urlTemplate\":\"https:\\\/\\\/www.excellenceditorial.com\\\/?s={search_term_string}\"},\"query-input\":{\"@type\":\"PropertyValueSpecification\",\"valueRequired\":true,\"valueName\":\"search_term_string\"}}],\"inLanguage\":\"ca\"},{\"@type\":\"Organization\",\"@id\":\"https:\\\/\\\/www.excellenceditorial.com\\\/#organization\",\"name\":\"Excellence Editorial\",\"url\":\"https:\\\/\\\/www.excellenceditorial.com\\\/\",\"logo\":{\"@type\":\"ImageObject\",\"inLanguage\":\"ca\",\"@id\":\"https:\\\/\\\/www.excellenceditorial.com\\\/#\\\/schema\\\/logo\\\/image\\\/\",\"url\":\"https:\\\/\\\/www.excellenceditorial.com\\\/wp-content\\\/uploads\\\/2017\\\/05\\\/excellenceditorial_logo.gif\",\"contentUrl\":\"https:\\\/\\\/www.excellenceditorial.com\\\/wp-content\\\/uploads\\\/2017\\\/05\\\/excellenceditorial_logo.gif\",\"width\":190,\"height\":190,\"caption\":\"Excellence Editorial\"},\"image\":{\"@id\":\"https:\\\/\\\/www.excellenceditorial.com\\\/#\\\/schema\\\/logo\\\/image\\\/\"},\"sameAs\":[\"https:\\\/\\\/www.facebook.com\\\/excellenceditorial\\\/\",\"https:\\\/\\\/www.instagram.com\\\/excellenceditorial\\\/\"]}]}<\/script>\n<!-- \/ Yoast SEO plugin. -->","yoast_head_json":{"title":"Fantasma Vermell - Excellence Editorial","robots":{"index":"index","follow":"follow","max-snippet":"max-snippet:-1","max-image-preview":"max-image-preview:large","max-video-preview":"max-video-preview:-1"},"canonical":"https:\/\/www.excellenceditorial.com\/ca\/producto\/fantasma-vermell\/","og_locale":"ca_ES","og_type":"article","og_title":"Fantasma Vermell - Excellence Editorial","og_description":"Escriptora: Raquel Gavil\u00e1n  Il\u00b7lustradora: Taty Miau  Enquadernaci\u00f3: Tapa dura  N\u00famero de p\u00e0gines: 32  Mides: 25x25cm  Publicaci\u00f3: abril 2026","og_url":"https:\/\/www.excellenceditorial.com\/ca\/producto\/fantasma-vermell\/","og_site_name":"Excellence Editorial","article_publisher":"https:\/\/www.facebook.com\/excellenceditorial\/","article_modified_time":"2026-04-26T10:29:25+00:00","og_image":[{"width":1080,"height":1108,"url":"https:\/\/www.excellenceditorial.com\/wp-content\/uploads\/2026\/04\/979-13-991741-1-3.jpg","type":"image\/jpeg"}],"twitter_card":"summary_large_image","twitter_misc":{"Temps estimat de lectura":"1 minut"},"schema":{"@context":"https:\/\/schema.org","@graph":[{"@type":"WebPage","@id":"https:\/\/www.excellenceditorial.com\/ca\/producto\/fantasma-vermell\/","url":"https:\/\/www.excellenceditorial.com\/ca\/producto\/fantasma-vermell\/","name":"Fantasma Vermell - Excellence Editorial","isPartOf":{"@id":"https:\/\/www.excellenceditorial.com\/#website"},"primaryImageOfPage":{"@id":"https:\/\/www.excellenceditorial.com\/ca\/producto\/fantasma-vermell\/#primaryimage"},"image":{"@id":"https:\/\/www.excellenceditorial.com\/ca\/producto\/fantasma-vermell\/#primaryimage"},"thumbnailUrl":"https:\/\/www.excellenceditorial.com\/wp-content\/uploads\/2026\/04\/979-13-991741-1-3.jpg","datePublished":"2026-04-26T10:23:56+00:00","dateModified":"2026-04-26T10:29:25+00:00","breadcrumb":{"@id":"https:\/\/www.excellenceditorial.com\/ca\/producto\/fantasma-vermell\/#breadcrumb"},"inLanguage":"ca","potentialAction":[{"@type":"ReadAction","target":["https:\/\/www.excellenceditorial.com\/ca\/producto\/fantasma-vermell\/"]}]},{"@type":"ImageObject","inLanguage":"ca","@id":"https:\/\/www.excellenceditorial.com\/ca\/producto\/fantasma-vermell\/#primaryimage","url":"https:\/\/www.excellenceditorial.com\/wp-content\/uploads\/2026\/04\/979-13-991741-1-3.jpg","contentUrl":"https:\/\/www.excellenceditorial.com\/wp-content\/uploads\/2026\/04\/979-13-991741-1-3.jpg","width":1080,"height":1108},{"@type":"BreadcrumbList","@id":"https:\/\/www.excellenceditorial.com\/ca\/producto\/fantasma-vermell\/#breadcrumb","itemListElement":[{"@type":"ListItem","position":1,"name":"Portada","item":"https:\/\/www.excellenceditorial.com\/ca\/"},{"@type":"ListItem","position":2,"name":"Botiga","item":"https:\/\/www.excellenceditorial.com\/tienda\/"},{"@type":"ListItem","position":3,"name":"Fantasma Vermell"}]},{"@type":"WebSite","@id":"https:\/\/www.excellenceditorial.com\/#website","url":"https:\/\/www.excellenceditorial.com\/","name":"Excellence Editorial","description":"\u00c1lbumes ilustrados para peque\u00f1os y mayores","publisher":{"@id":"https:\/\/www.excellenceditorial.com\/#organization"},"potentialAction":[{"@type":"SearchAction","target":{"@type":"EntryPoint","urlTemplate":"https:\/\/www.excellenceditorial.com\/?s={search_term_string}"},"query-input":{"@type":"PropertyValueSpecification","valueRequired":true,"valueName":"search_term_string"}}],"inLanguage":"ca"},{"@type":"Organization","@id":"https:\/\/www.excellenceditorial.com\/#organization","name":"Excellence Editorial","url":"https:\/\/www.excellenceditorial.com\/","logo":{"@type":"ImageObject","inLanguage":"ca","@id":"https:\/\/www.excellenceditorial.com\/#\/schema\/logo\/image\/","url":"https:\/\/www.excellenceditorial.com\/wp-content\/uploads\/2017\/05\/excellenceditorial_logo.gif","contentUrl":"https:\/\/www.excellenceditorial.com\/wp-content\/uploads\/2017\/05\/excellenceditorial_logo.gif","width":190,"height":190,"caption":"Excellence Editorial"},"image":{"@id":"https:\/\/www.excellenceditorial.com\/#\/schema\/logo\/image\/"},"sameAs":["https:\/\/www.facebook.com\/excellenceditorial\/","https:\/\/www.instagram.com\/excellenceditorial\/"]}]}},"_links":{"self":[{"href":"https:\/\/www.excellenceditorial.com\/ca\/wp-json\/wp\/v2\/product\/6117","targetHints":{"allow":["GET"]}}],"collection":[{"href":"https:\/\/www.excellenceditorial.com\/ca\/wp-json\/wp\/v2\/product"}],"about":[{"href":"https:\/\/www.excellenceditorial.com\/ca\/wp-json\/wp\/v2\/types\/product"}],"wp:featuredmedia":[{"embeddable":true,"href":"https:\/\/www.excellenceditorial.com\/ca\/wp-json\/wp\/v2\/media\/6120"}],"wp:attachment":[{"href":"https:\/\/www.excellenceditorial.com\/ca\/wp-json\/wp\/v2\/media?parent=6117"}],"wp:term":[{"taxonomy":"product_brand","embeddable":true,"href":"https:\/\/www.excellenceditorial.com\/ca\/wp-json\/wp\/v2\/product_brand?post=6117"},{"taxonomy":"product_cat","embeddable":true,"href":"https:\/\/www.excellenceditorial.com\/ca\/wp-json\/wp\/v2\/product_cat?post=6117"},{"taxonomy":"product_tag","embeddable":true,"href":"https:\/\/www.excellenceditorial.com\/ca\/wp-json\/wp\/v2\/product_tag?post=6117"}],"curies":[{"name":"wp","href":"https:\/\/api.w.org\/{rel}","templated":true}]}}

<section class="l-section wpb_row height_medium"><div class="l-section-h i-cf"><div class="g-cols vc_row via_grid cols_1 laptops-cols_inherit tablets-cols_inherit mobiles-cols_1 valign_top type_default stacking_default"><div class="wpb_column vc_column_container"><div class="vc_column-inner"><div class="wpb_text_column"><div class="wpb_wrapper"><p>Què és la por? Un obstacle&#8230;o la porta per descobrir la nostra valentia?<br />
Sota els nostres peus existeix un món secret: el dels fantasmes de colors. Cada fantasma reflecteix la seva personalitat en el seu color&#8230; i tots creuen que els vermells són ELS MÉS VALENTS.<br />
Però en vermell té un problema: una vegada va sentir por i ara els altres diuen que no mereix ser del seu color. Per demostrar el contrari, decideix emprendre un viatge que li ensenyarà una veritat inesperada: LA VALENTÍA NO ÉS  NO TENIR POR, sinó avançar malgrat ella.</p>
</div></div></div></div></div></div></section>

<p><i class="fal fa-user-edit"></i> <strong>Escriptora:</strong> Raquel Gavilán<br />
<i class="fal fa-pencil-paintbrush"></i> <strong>Il·lustradora:</strong> Taty Miau<br />
<i class="fal fa-book"></i> <strong>Enquadernació:</strong> Tapa dura<br />
<i class="fal fa-book-open"></i> <strong>Número de pàgines:</strong> 32<br />
<i class="fal fa-ruler-combined"></i> <strong>Mides:</strong> 25x25cm<br />
<i class="fal fa-calendar-star"></i> <strong>Publicació:</strong> abril 2026</p>

<!-- This site is optimized with the Yoast SEO plugin v27.4 - https://yoast.com/product/yoast-seo-wordpress/ -->
<title>Fantasma Vermell - Excellence Editorial</title>
<meta name="robots" content="index, follow, max-snippet:-1, max-image-preview:large, max-video-preview:-1" />
<link rel="canonical" href="https://www.excellenceditorial.com/ca/producto/fantasma-vermell/" />
<meta property="og:locale" content="ca_ES" />
<meta property="og:type" content="article" />
<meta property="og:title" content="Fantasma Vermell - Excellence Editorial" />
<meta property="og:description" content="Escriptora: Raquel Gavilán  Il·lustradora: Taty Miau  Enquadernació: Tapa dura  Número de pàgines: 32  Mides: 25x25cm  Publicació: abril 2026" />
<meta property="og:url" content="https://www.excellenceditorial.com/ca/producto/fantasma-vermell/" />
<meta property="og:site_name" content="Excellence Editorial" />
<meta property="article:publisher" content="https://www.facebook.com/excellenceditorial/" />
<meta property="article:modified_time" content="2026-04-26T10:29:25+00:00" />
<meta property="og:image" content="https://www.excellenceditorial.com/wp-content/uploads/2026/04/979-13-991741-1-3.jpg" />
	<meta property="og:image:width" content="1080" />
	<meta property="og:image:height" content="1108" />
	<meta property="og:image:type" content="image/jpeg" />
<meta name="twitter:card" content="summary_large_image" />
<meta name="twitter:label1" content="Temps estimat de lectura" />
	<meta name="twitter:data1" content="1 minut" />
<script type="application/ld+json" class="yoast-schema-graph">{"@context":"https:\/\/schema.org","@graph":[{"@type":"WebPage","@id":"https:\/\/www.excellenceditorial.com\/ca\/producto\/fantasma-vermell\/","url":"https:\/\/www.excellenceditorial.com\/ca\/producto\/fantasma-vermell\/","name":"Fantasma Vermell - Excellence Editorial","isPartOf":{"@id":"https:\/\/www.excellenceditorial.com\/#website"},"primaryImageOfPage":{"@id":"https:\/\/www.excellenceditorial.com\/ca\/producto\/fantasma-vermell\/#primaryimage"},"image":{"@id":"https:\/\/www.excellenceditorial.com\/ca\/producto\/fantasma-vermell\/#primaryimage"},"thumbnailUrl":"https:\/\/www.excellenceditorial.com\/wp-content\/uploads\/2026\/04\/979-13-991741-1-3.jpg","datePublished":"2026-04-26T10:23:56+00:00","dateModified":"2026-04-26T10:29:25+00:00","breadcrumb":{"@id":"https:\/\/www.excellenceditorial.com\/ca\/producto\/fantasma-vermell\/#breadcrumb"},"inLanguage":"ca","potentialAction":[{"@type":"ReadAction","target":["https:\/\/www.excellenceditorial.com\/ca\/producto\/fantasma-vermell\/"]}]},{"@type":"ImageObject","inLanguage":"ca","@id":"https:\/\/www.excellenceditorial.com\/ca\/producto\/fantasma-vermell\/#primaryimage","url":"https:\/\/www.excellenceditorial.com\/wp-content\/uploads\/2026\/04\/979-13-991741-1-3.jpg","contentUrl":"https:\/\/www.excellenceditorial.com\/wp-content\/uploads\/2026\/04\/979-13-991741-1-3.jpg","width":1080,"height":1108},{"@type":"BreadcrumbList","@id":"https:\/\/www.excellenceditorial.com\/ca\/producto\/fantasma-vermell\/#breadcrumb","itemListElement":[{"@type":"ListItem","position":1,"name":"Portada","item":"https:\/\/www.excellenceditorial.com\/ca\/"},{"@type":"ListItem","position":2,"name":"Botiga","item":"https:\/\/www.excellenceditorial.com\/tienda\/"},{"@type":"ListItem","position":3,"name":"Fantasma Vermell"}]},{"@type":"WebSite","@id":"https:\/\/www.excellenceditorial.com\/#website","url":"https:\/\/www.excellenceditorial.com\/","name":"Excellence Editorial","description":"Álbumes ilustrados para pequeños y mayores","publisher":{"@id":"https:\/\/www.excellenceditorial.com\/#organization"},"potentialAction":[{"@type":"SearchAction","target":{"@type":"EntryPoint","urlTemplate":"https:\/\/www.excellenceditorial.com\/?s={search_term_string}"},"query-input":{"@type":"PropertyValueSpecification","valueRequired":true,"valueName":"search_term_string"}}],"inLanguage":"ca"},{"@type":"Organization","@id":"https:\/\/www.excellenceditorial.com\/#organization","name":"Excellence Editorial","url":"https:\/\/www.excellenceditorial.com\/","logo":{"@type":"ImageObject","inLanguage":"ca","@id":"https:\/\/www.excellenceditorial.com\/#\/schema\/logo\/image\/","url":"https:\/\/www.excellenceditorial.com\/wp-content\/uploads\/2017\/05\/excellenceditorial_logo.gif","contentUrl":"https:\/\/www.excellenceditorial.com\/wp-content\/uploads\/2017\/05\/excellenceditorial_logo.gif","width":190,"height":190,"caption":"Excellence Editorial"},"image":{"@id":"https:\/\/www.excellenceditorial.com\/#\/schema\/logo\/image\/"},"sameAs":["https:\/\/www.facebook.com\/excellenceditorial\/","https:\/\/www.instagram.com\/excellenceditorial\/"]}]}</script>
<!-- / Yoast SEO plugin. -->

Escriptora: Raquel Gavilán  Il·lustradora: Taty Miau  Enquadernació: Tapa dura  Número de pàgines: 32  Mides: 25x25cm  Publicació: abril 2026

Álbumes ilustrados para pequeños y mayores
