{"id":6101,"date":"2026-04-22T20:16:43","date_gmt":"2026-04-22T18:16:43","guid":{"rendered":"https:\/\/www.excellenceditorial.com\/?post_type=product&#038;p=6101"},"modified":"2026-04-26T12:13:29","modified_gmt":"2026-04-26T10:13:29","slug":"caterina-la-inventora","status":"publish","type":"product","link":"https:\/\/www.excellenceditorial.com\/ca\/producto\/caterina-la-inventora\/","title":{"rendered":"Caterina la inventora"},"content":{"rendered":"<section class=\"l-section wpb_row height_medium\"><div class=\"l-section-h i-cf\"><div class=\"g-cols vc_row via_grid cols_1 laptops-cols_inherit tablets-cols_inherit mobiles-cols_1 valign_top type_default stacking_default\"><div class=\"wpb_column vc_column_container\"><div class=\"vc_column-inner\"><div class=\"wpb_text_column\"><div class=\"wpb_wrapper\"><p>Us presentem la Caterina, una nena de nou anys que viu a Barcelona. La Caterina lluita contra el canvi clim\u00e0tic de la millor manera que sap: amb els seus invents. Davant de cada repte, busca solucions enginyoses amb la seva llibreta d\u2019invents.<br \/>\nLa nostra protagonista representa una nova generaci\u00f3 de nens i nenes m\u00e9s informats i connectats que mai, capa\u00e7os de capgirar la crisi clim\u00e0tica actual i trobar l\u2019equilibri entre el progr\u00e9s i la natura.<br \/>\nEn el seu diari, la Caterina ens mostra que la tecnologia pot ser una de les claus per construir un m\u00f3n millor.<br \/>\nVols acompanyar-la?<\/p>\n<\/div><\/div><\/div><\/div><\/div><\/div><\/section>\n","protected":false},"excerpt":{"rendered":"<p><i class=\"fal fa-user-edit\"><\/i> <strong>Escriptor:<\/strong> \u00c0ngel L\u00e1zaro<br \/>\n<i class=\"fal fa-pencil-paintbrush\"><\/i> <strong>Il\u00b7lustradora:<\/strong> Jaqueline Moln\u00e1r<br \/>\n<i class=\"fal fa-book\"><\/i> <strong>Enquadernaci\u00f3:<\/strong> Tapa dura<br \/>\n<i class=\"fal fa-book-open\"><\/i> <strong>N\u00famero de p\u00e0gines:<\/strong> 104<br \/>\n<i class=\"fal fa-ruler-combined\"><\/i> <strong>Mides:<\/strong> 14x20cm<br \/>\n<i class=\"fal fa-calendar-star\"><\/i> <strong>Publicaci\u00f3:<\/strong> abril 2026<\/p>\n","protected":false},"featured_media":6111,"template":"","meta":[],"product_brand":[],"product_cat":[137,119],"product_tag":[],"class_list":{"0":"post-6101","1":"product","2":"type-product","3":"status-publish","4":"has-post-thumbnail","6":"product_cat-les-paitides","7":"product_cat-tots-els-contes","8":"pa_idioma-castella","9":"pa_idioma-catala","11":"first","12":"instock","13":"featured","14":"taxable","15":"shipping-taxable","16":"purchasable","17":"product-type-variable"},"yoast_head":"<!-- This site is optimized with the Yoast SEO plugin v27.4 - https:\/\/yoast.com\/product\/yoast-seo-wordpress\/ -->\n<title>Caterina la inventora - Excellence Editorial<\/title>\n<meta name=\"robots\" content=\"index, follow, max-snippet:-1, max-image-preview:large, max-video-preview:-1\" \/>\n<link rel=\"canonical\" href=\"https:\/\/www.excellenceditorial.com\/ca\/producto\/caterina-la-inventora\/\" \/>\n<meta property=\"og:locale\" content=\"ca_ES\" \/>\n<meta property=\"og:type\" content=\"article\" \/>\n<meta property=\"og:title\" content=\"Caterina la inventora - Excellence Editorial\" \/>\n<meta property=\"og:description\" content=\"Escriptor: \u00c0ngel L\u00e1zaro  Il\u00b7lustradora: Jaqueline Moln\u00e1r  Enquadernaci\u00f3: Tapa dura  N\u00famero de p\u00e0gines: 104  Mides: 14x20cm  Publicaci\u00f3: abril 2026\" \/>\n<meta property=\"og:url\" content=\"https:\/\/www.excellenceditorial.com\/ca\/producto\/caterina-la-inventora\/\" \/>\n<meta property=\"og:site_name\" content=\"Excellence Editorial\" \/>\n<meta property=\"article:publisher\" content=\"https:\/\/www.facebook.com\/excellenceditorial\/\" \/>\n<meta property=\"article:modified_time\" content=\"2026-04-26T10:13:29+00:00\" \/>\n<meta property=\"og:image\" content=\"https:\/\/www.excellenceditorial.com\/wp-content\/uploads\/2026\/04\/9791399174199-1.jpg\" \/>\n\t<meta property=\"og:image:width\" content=\"683\" \/>\n\t<meta property=\"og:image:height\" content=\"924\" \/>\n\t<meta property=\"og:image:type\" content=\"image\/jpeg\" \/>\n<meta name=\"twitter:card\" content=\"summary_large_image\" \/>\n<meta name=\"twitter:label1\" content=\"Temps estimat de lectura\" \/>\n\t<meta name=\"twitter:data1\" content=\"1 minut\" \/>\n<script type=\"application\/ld+json\" class=\"yoast-schema-graph\">{\"@context\":\"https:\\\/\\\/schema.org\",\"@graph\":[{\"@type\":\"WebPage\",\"@id\":\"https:\\\/\\\/www.excellenceditorial.com\\\/ca\\\/producto\\\/caterina-la-inventora\\\/\",\"url\":\"https:\\\/\\\/www.excellenceditorial.com\\\/ca\\\/producto\\\/caterina-la-inventora\\\/\",\"name\":\"Caterina la inventora - Excellence Editorial\",\"isPartOf\":{\"@id\":\"https:\\\/\\\/www.excellenceditorial.com\\\/#website\"},\"primaryImageOfPage\":{\"@id\":\"https:\\\/\\\/www.excellenceditorial.com\\\/ca\\\/producto\\\/caterina-la-inventora\\\/#primaryimage\"},\"image\":{\"@id\":\"https:\\\/\\\/www.excellenceditorial.com\\\/ca\\\/producto\\\/caterina-la-inventora\\\/#primaryimage\"},\"thumbnailUrl\":\"https:\\\/\\\/www.excellenceditorial.com\\\/wp-content\\\/uploads\\\/2026\\\/04\\\/9791399174199-1.jpg\",\"datePublished\":\"2026-04-22T18:16:43+00:00\",\"dateModified\":\"2026-04-26T10:13:29+00:00\",\"breadcrumb\":{\"@id\":\"https:\\\/\\\/www.excellenceditorial.com\\\/ca\\\/producto\\\/caterina-la-inventora\\\/#breadcrumb\"},\"inLanguage\":\"ca\",\"potentialAction\":[{\"@type\":\"ReadAction\",\"target\":[\"https:\\\/\\\/www.excellenceditorial.com\\\/ca\\\/producto\\\/caterina-la-inventora\\\/\"]}]},{\"@type\":\"ImageObject\",\"inLanguage\":\"ca\",\"@id\":\"https:\\\/\\\/www.excellenceditorial.com\\\/ca\\\/producto\\\/caterina-la-inventora\\\/#primaryimage\",\"url\":\"https:\\\/\\\/www.excellenceditorial.com\\\/wp-content\\\/uploads\\\/2026\\\/04\\\/9791399174199-1.jpg\",\"contentUrl\":\"https:\\\/\\\/www.excellenceditorial.com\\\/wp-content\\\/uploads\\\/2026\\\/04\\\/9791399174199-1.jpg\",\"width\":683,\"height\":924,\"caption\":\"Caterina la inventora\"},{\"@type\":\"BreadcrumbList\",\"@id\":\"https:\\\/\\\/www.excellenceditorial.com\\\/ca\\\/producto\\\/caterina-la-inventora\\\/#breadcrumb\",\"itemListElement\":[{\"@type\":\"ListItem\",\"position\":1,\"name\":\"Portada\",\"item\":\"https:\\\/\\\/www.excellenceditorial.com\\\/ca\\\/\"},{\"@type\":\"ListItem\",\"position\":2,\"name\":\"Botiga\",\"item\":\"https:\\\/\\\/www.excellenceditorial.com\\\/tienda\\\/\"},{\"@type\":\"ListItem\",\"position\":3,\"name\":\"Caterina la inventora\"}]},{\"@type\":\"WebSite\",\"@id\":\"https:\\\/\\\/www.excellenceditorial.com\\\/#website\",\"url\":\"https:\\\/\\\/www.excellenceditorial.com\\\/\",\"name\":\"Excellence Editorial\",\"description\":\"\u00c1lbumes ilustrados para peque\u00f1os y mayores\",\"publisher\":{\"@id\":\"https:\\\/\\\/www.excellenceditorial.com\\\/#organization\"},\"potentialAction\":[{\"@type\":\"SearchAction\",\"target\":{\"@type\":\"EntryPoint\",\"urlTemplate\":\"https:\\\/\\\/www.excellenceditorial.com\\\/?s={search_term_string}\"},\"query-input\":{\"@type\":\"PropertyValueSpecification\",\"valueRequired\":true,\"valueName\":\"search_term_string\"}}],\"inLanguage\":\"ca\"},{\"@type\":\"Organization\",\"@id\":\"https:\\\/\\\/www.excellenceditorial.com\\\/#organization\",\"name\":\"Excellence Editorial\",\"url\":\"https:\\\/\\\/www.excellenceditorial.com\\\/\",\"logo\":{\"@type\":\"ImageObject\",\"inLanguage\":\"ca\",\"@id\":\"https:\\\/\\\/www.excellenceditorial.com\\\/#\\\/schema\\\/logo\\\/image\\\/\",\"url\":\"https:\\\/\\\/www.excellenceditorial.com\\\/wp-content\\\/uploads\\\/2017\\\/05\\\/excellenceditorial_logo.gif\",\"contentUrl\":\"https:\\\/\\\/www.excellenceditorial.com\\\/wp-content\\\/uploads\\\/2017\\\/05\\\/excellenceditorial_logo.gif\",\"width\":190,\"height\":190,\"caption\":\"Excellence Editorial\"},\"image\":{\"@id\":\"https:\\\/\\\/www.excellenceditorial.com\\\/#\\\/schema\\\/logo\\\/image\\\/\"},\"sameAs\":[\"https:\\\/\\\/www.facebook.com\\\/excellenceditorial\\\/\",\"https:\\\/\\\/www.instagram.com\\\/excellenceditorial\\\/\"]}]}<\/script>\n<!-- \/ Yoast SEO plugin. -->","yoast_head_json":{"title":"Caterina la inventora - Excellence Editorial","robots":{"index":"index","follow":"follow","max-snippet":"max-snippet:-1","max-image-preview":"max-image-preview:large","max-video-preview":"max-video-preview:-1"},"canonical":"https:\/\/www.excellenceditorial.com\/ca\/producto\/caterina-la-inventora\/","og_locale":"ca_ES","og_type":"article","og_title":"Caterina la inventora - Excellence Editorial","og_description":"Escriptor: \u00c0ngel L\u00e1zaro  Il\u00b7lustradora: Jaqueline Moln\u00e1r  Enquadernaci\u00f3: Tapa dura  N\u00famero de p\u00e0gines: 104  Mides: 14x20cm  Publicaci\u00f3: abril 2026","og_url":"https:\/\/www.excellenceditorial.com\/ca\/producto\/caterina-la-inventora\/","og_site_name":"Excellence Editorial","article_publisher":"https:\/\/www.facebook.com\/excellenceditorial\/","article_modified_time":"2026-04-26T10:13:29+00:00","og_image":[{"width":683,"height":924,"url":"https:\/\/www.excellenceditorial.com\/wp-content\/uploads\/2026\/04\/9791399174199-1.jpg","type":"image\/jpeg"}],"twitter_card":"summary_large_image","twitter_misc":{"Temps estimat de lectura":"1 minut"},"schema":{"@context":"https:\/\/schema.org","@graph":[{"@type":"WebPage","@id":"https:\/\/www.excellenceditorial.com\/ca\/producto\/caterina-la-inventora\/","url":"https:\/\/www.excellenceditorial.com\/ca\/producto\/caterina-la-inventora\/","name":"Caterina la inventora - Excellence Editorial","isPartOf":{"@id":"https:\/\/www.excellenceditorial.com\/#website"},"primaryImageOfPage":{"@id":"https:\/\/www.excellenceditorial.com\/ca\/producto\/caterina-la-inventora\/#primaryimage"},"image":{"@id":"https:\/\/www.excellenceditorial.com\/ca\/producto\/caterina-la-inventora\/#primaryimage"},"thumbnailUrl":"https:\/\/www.excellenceditorial.com\/wp-content\/uploads\/2026\/04\/9791399174199-1.jpg","datePublished":"2026-04-22T18:16:43+00:00","dateModified":"2026-04-26T10:13:29+00:00","breadcrumb":{"@id":"https:\/\/www.excellenceditorial.com\/ca\/producto\/caterina-la-inventora\/#breadcrumb"},"inLanguage":"ca","potentialAction":[{"@type":"ReadAction","target":["https:\/\/www.excellenceditorial.com\/ca\/producto\/caterina-la-inventora\/"]}]},{"@type":"ImageObject","inLanguage":"ca","@id":"https:\/\/www.excellenceditorial.com\/ca\/producto\/caterina-la-inventora\/#primaryimage","url":"https:\/\/www.excellenceditorial.com\/wp-content\/uploads\/2026\/04\/9791399174199-1.jpg","contentUrl":"https:\/\/www.excellenceditorial.com\/wp-content\/uploads\/2026\/04\/9791399174199-1.jpg","width":683,"height":924,"caption":"Caterina la inventora"},{"@type":"BreadcrumbList","@id":"https:\/\/www.excellenceditorial.com\/ca\/producto\/caterina-la-inventora\/#breadcrumb","itemListElement":[{"@type":"ListItem","position":1,"name":"Portada","item":"https:\/\/www.excellenceditorial.com\/ca\/"},{"@type":"ListItem","position":2,"name":"Botiga","item":"https:\/\/www.excellenceditorial.com\/tienda\/"},{"@type":"ListItem","position":3,"name":"Caterina la inventora"}]},{"@type":"WebSite","@id":"https:\/\/www.excellenceditorial.com\/#website","url":"https:\/\/www.excellenceditorial.com\/","name":"Excellence Editorial","description":"\u00c1lbumes ilustrados para peque\u00f1os y mayores","publisher":{"@id":"https:\/\/www.excellenceditorial.com\/#organization"},"potentialAction":[{"@type":"SearchAction","target":{"@type":"EntryPoint","urlTemplate":"https:\/\/www.excellenceditorial.com\/?s={search_term_string}"},"query-input":{"@type":"PropertyValueSpecification","valueRequired":true,"valueName":"search_term_string"}}],"inLanguage":"ca"},{"@type":"Organization","@id":"https:\/\/www.excellenceditorial.com\/#organization","name":"Excellence Editorial","url":"https:\/\/www.excellenceditorial.com\/","logo":{"@type":"ImageObject","inLanguage":"ca","@id":"https:\/\/www.excellenceditorial.com\/#\/schema\/logo\/image\/","url":"https:\/\/www.excellenceditorial.com\/wp-content\/uploads\/2017\/05\/excellenceditorial_logo.gif","contentUrl":"https:\/\/www.excellenceditorial.com\/wp-content\/uploads\/2017\/05\/excellenceditorial_logo.gif","width":190,"height":190,"caption":"Excellence Editorial"},"image":{"@id":"https:\/\/www.excellenceditorial.com\/#\/schema\/logo\/image\/"},"sameAs":["https:\/\/www.facebook.com\/excellenceditorial\/","https:\/\/www.instagram.com\/excellenceditorial\/"]}]}},"_links":{"self":[{"href":"https:\/\/www.excellenceditorial.com\/ca\/wp-json\/wp\/v2\/product\/6101","targetHints":{"allow":["GET"]}}],"collection":[{"href":"https:\/\/www.excellenceditorial.com\/ca\/wp-json\/wp\/v2\/product"}],"about":[{"href":"https:\/\/www.excellenceditorial.com\/ca\/wp-json\/wp\/v2\/types\/product"}],"wp:featuredmedia":[{"embeddable":true,"href":"https:\/\/www.excellenceditorial.com\/ca\/wp-json\/wp\/v2\/media\/6111"}],"wp:attachment":[{"href":"https:\/\/www.excellenceditorial.com\/ca\/wp-json\/wp\/v2\/media?parent=6101"}],"wp:term":[{"taxonomy":"product_brand","embeddable":true,"href":"https:\/\/www.excellenceditorial.com\/ca\/wp-json\/wp\/v2\/product_brand?post=6101"},{"taxonomy":"product_cat","embeddable":true,"href":"https:\/\/www.excellenceditorial.com\/ca\/wp-json\/wp\/v2\/product_cat?post=6101"},{"taxonomy":"product_tag","embeddable":true,"href":"https:\/\/www.excellenceditorial.com\/ca\/wp-json\/wp\/v2\/product_tag?post=6101"}],"curies":[{"name":"wp","href":"https:\/\/api.w.org\/{rel}","templated":true}]}}

<section class="l-section wpb_row height_medium"><div class="l-section-h i-cf"><div class="g-cols vc_row via_grid cols_1 laptops-cols_inherit tablets-cols_inherit mobiles-cols_1 valign_top type_default stacking_default"><div class="wpb_column vc_column_container"><div class="vc_column-inner"><div class="wpb_text_column"><div class="wpb_wrapper"><p>Us presentem la Caterina, una nena de nou anys que viu a Barcelona. La Caterina lluita contra el canvi climàtic de la millor manera que sap: amb els seus invents. Davant de cada repte, busca solucions enginyoses amb la seva llibreta d’invents.<br />
La nostra protagonista representa una nova generació de nens i nenes més informats i connectats que mai, capaços de capgirar la crisi climàtica actual i trobar l’equilibri entre el progrés i la natura.<br />
En el seu diari, la Caterina ens mostra que la tecnologia pot ser una de les claus per construir un món millor.<br />
Vols acompanyar-la?</p>
</div></div></div></div></div></div></section>

<p><i class="fal fa-user-edit"></i> <strong>Escriptor:</strong> Àngel Lázaro<br />
<i class="fal fa-pencil-paintbrush"></i> <strong>Il·lustradora:</strong> Jaqueline Molnár<br />
<i class="fal fa-book"></i> <strong>Enquadernació:</strong> Tapa dura<br />
<i class="fal fa-book-open"></i> <strong>Número de pàgines:</strong> 104<br />
<i class="fal fa-ruler-combined"></i> <strong>Mides:</strong> 14x20cm<br />
<i class="fal fa-calendar-star"></i> <strong>Publicació:</strong> abril 2026</p>

<!-- This site is optimized with the Yoast SEO plugin v27.4 - https://yoast.com/product/yoast-seo-wordpress/ -->
<title>Caterina la inventora - Excellence Editorial</title>
<meta name="robots" content="index, follow, max-snippet:-1, max-image-preview:large, max-video-preview:-1" />
<link rel="canonical" href="https://www.excellenceditorial.com/ca/producto/caterina-la-inventora/" />
<meta property="og:locale" content="ca_ES" />
<meta property="og:type" content="article" />
<meta property="og:title" content="Caterina la inventora - Excellence Editorial" />
<meta property="og:description" content="Escriptor: Àngel Lázaro  Il·lustradora: Jaqueline Molnár  Enquadernació: Tapa dura  Número de pàgines: 104  Mides: 14x20cm  Publicació: abril 2026" />
<meta property="og:url" content="https://www.excellenceditorial.com/ca/producto/caterina-la-inventora/" />
<meta property="og:site_name" content="Excellence Editorial" />
<meta property="article:publisher" content="https://www.facebook.com/excellenceditorial/" />
<meta property="article:modified_time" content="2026-04-26T10:13:29+00:00" />
<meta property="og:image" content="https://www.excellenceditorial.com/wp-content/uploads/2026/04/9791399174199-1.jpg" />
	<meta property="og:image:width" content="683" />
	<meta property="og:image:height" content="924" />
	<meta property="og:image:type" content="image/jpeg" />
<meta name="twitter:card" content="summary_large_image" />
<meta name="twitter:label1" content="Temps estimat de lectura" />
	<meta name="twitter:data1" content="1 minut" />
<script type="application/ld+json" class="yoast-schema-graph">{"@context":"https:\/\/schema.org","@graph":[{"@type":"WebPage","@id":"https:\/\/www.excellenceditorial.com\/ca\/producto\/caterina-la-inventora\/","url":"https:\/\/www.excellenceditorial.com\/ca\/producto\/caterina-la-inventora\/","name":"Caterina la inventora - Excellence Editorial","isPartOf":{"@id":"https:\/\/www.excellenceditorial.com\/#website"},"primaryImageOfPage":{"@id":"https:\/\/www.excellenceditorial.com\/ca\/producto\/caterina-la-inventora\/#primaryimage"},"image":{"@id":"https:\/\/www.excellenceditorial.com\/ca\/producto\/caterina-la-inventora\/#primaryimage"},"thumbnailUrl":"https:\/\/www.excellenceditorial.com\/wp-content\/uploads\/2026\/04\/9791399174199-1.jpg","datePublished":"2026-04-22T18:16:43+00:00","dateModified":"2026-04-26T10:13:29+00:00","breadcrumb":{"@id":"https:\/\/www.excellenceditorial.com\/ca\/producto\/caterina-la-inventora\/#breadcrumb"},"inLanguage":"ca","potentialAction":[{"@type":"ReadAction","target":["https:\/\/www.excellenceditorial.com\/ca\/producto\/caterina-la-inventora\/"]}]},{"@type":"ImageObject","inLanguage":"ca","@id":"https:\/\/www.excellenceditorial.com\/ca\/producto\/caterina-la-inventora\/#primaryimage","url":"https:\/\/www.excellenceditorial.com\/wp-content\/uploads\/2026\/04\/9791399174199-1.jpg","contentUrl":"https:\/\/www.excellenceditorial.com\/wp-content\/uploads\/2026\/04\/9791399174199-1.jpg","width":683,"height":924,"caption":"Caterina la inventora"},{"@type":"BreadcrumbList","@id":"https:\/\/www.excellenceditorial.com\/ca\/producto\/caterina-la-inventora\/#breadcrumb","itemListElement":[{"@type":"ListItem","position":1,"name":"Portada","item":"https:\/\/www.excellenceditorial.com\/ca\/"},{"@type":"ListItem","position":2,"name":"Botiga","item":"https:\/\/www.excellenceditorial.com\/tienda\/"},{"@type":"ListItem","position":3,"name":"Caterina la inventora"}]},{"@type":"WebSite","@id":"https:\/\/www.excellenceditorial.com\/#website","url":"https:\/\/www.excellenceditorial.com\/","name":"Excellence Editorial","description":"Álbumes ilustrados para pequeños y mayores","publisher":{"@id":"https:\/\/www.excellenceditorial.com\/#organization"},"potentialAction":[{"@type":"SearchAction","target":{"@type":"EntryPoint","urlTemplate":"https:\/\/www.excellenceditorial.com\/?s={search_term_string}"},"query-input":{"@type":"PropertyValueSpecification","valueRequired":true,"valueName":"search_term_string"}}],"inLanguage":"ca"},{"@type":"Organization","@id":"https:\/\/www.excellenceditorial.com\/#organization","name":"Excellence Editorial","url":"https:\/\/www.excellenceditorial.com\/","logo":{"@type":"ImageObject","inLanguage":"ca","@id":"https:\/\/www.excellenceditorial.com\/#\/schema\/logo\/image\/","url":"https:\/\/www.excellenceditorial.com\/wp-content\/uploads\/2017\/05\/excellenceditorial_logo.gif","contentUrl":"https:\/\/www.excellenceditorial.com\/wp-content\/uploads\/2017\/05\/excellenceditorial_logo.gif","width":190,"height":190,"caption":"Excellence Editorial"},"image":{"@id":"https:\/\/www.excellenceditorial.com\/#\/schema\/logo\/image\/"},"sameAs":["https:\/\/www.facebook.com\/excellenceditorial\/","https:\/\/www.instagram.com\/excellenceditorial\/"]}]}</script>
<!-- / Yoast SEO plugin. -->

Escriptor: Àngel Lázaro  Il·lustradora: Jaqueline Molnár  Enquadernació: Tapa dura  Número de pàgines: 104  Mides: 14x20cm  Publicació: abril 2026

Álbumes ilustrados para pequeños y mayores
